 + 3. Calculate the remainder when t is divided by 16.
9
Let j(x) = x - 1 - 7*x**2 - x + 59*x**2. Calculate the remainder when j(-1) is divided by 18.
15
Suppose 0 = -2*m - 13 + 65. What is the remainder when 100 is divided by m?
22
Let r be 63/3 - 3 - -2. Calculate the remainder when 10 is divided by (r/15)/(4/18).
4
Let i = 112 + -108. Let m = -17 + 31. Calculate the remainder when m is divided by i.
2
Suppose 3*s + 136 = 11*s. What is the remainder when 29 is divided by s?
12
Suppose 4*p + 4*y = 140, 4*p - 140 = 6*y - y. Suppose -2*l + 41 + p = 0. Calculate the remainder when 149 is divided by l.
35
Let x(f) = 2*f**2 - 15*f - 44. Suppose b - 112 = -3*b. Calculate the remainder when x(-5) is divided by b.
25
Let q(g) = 3*g + 39. Calculate the remainder when 7 is divided by q(-12).
1
Suppose -3*a - 4*y + 78 = -y, -y + 5 = 0. What is the remainder when a is divided by 9?
3
Let w = 0 - 3. Let p be 0 - (-3)/w - 12. What is the remainder when 10 is divided by 2/(-6) - p/3?
2
Let r(c) = 2*c - 5. Let k be r(8). Suppose 2*u + 3 = k. Suppose u*f - 4*v + 8 = 0, 4*f + v - 20 = -2*v. What is the remainder when f is divided by 1?
0
Let g(l) be the first derivative of -l**2/2 + 12*l - 1. Let o be g(10). Suppose 16 - 2 = o*i. Calculate the remainder when 26 is divided by i.
5
Let p(o) = -o**3 + 8*o**2 - 6*o - 1. Calculate the remainder when (-6)/(-9) - (-256)/12 is divided by p(7).
4
Suppose 65 = 4*a - 11. Suppose -2*z - 66 = -2*h, 2*h - 24 = z + 46. What is the remainder when h is divided by a?
18
Let s be 0/(6/(-2) - -1). Let q = s + 3. Calculate the remainder when q is divided by 3.
0
Suppose -5*p + 12 + 3 = 0. Suppose 12 = -3*b - p*a, -2*b + a + 9 = 2. Let c = b + 0. Calculate the remainder when 1 is divided by c.
0
Let s(f) = 238*f. Let z be s(1). Let h = z + -63. Calculate the remainder when (1 - -1)/(14/h) is divided by 13.
12
Let g(z) = z**3 + 4*z**2 + 2. Let q be g(-4). Suppose x - 3*j = 0, j - q*j - 42 = -5*x. Calculate the remainder when x is divided by 5.
4
Let w(l) = l + 3. Suppose 20*j - 22 = 9*j. What is the remainder when w(0) is divided by j?
1
Suppose 17 + 46 = 7*t. Calculate the remainder when t is divided by 4.
1
Suppose -14*o = -15*o + 41. Calculate the remainder when 161 is divided by o.
38
Let r(m) = m - 5. Let d be r(8). What is the remainder when (-4)/d*234/(-24) is divided by 5?
3
Let m(n) = -4 - 2*n - 1 + 5*n**2 + 10 - 2. Suppose 5*a - 6 = 2*t, t + t = -a + 6. What is the remainder when m(t) is divided by 10?
9
Let s = 2 + 1. Suppose -7 = -s*f + 8. Let x = f - 2. Calculate the remainder when x is divided by 1.
0
Suppose 3*p - 2*p - 7 = -4*k, -5*p = -k + 28. Suppose -5*q = -k*q - 74. Let r = 65 - q. Calculate the remainder when r is divided by 15.
13
Calculate the remainder when 84 is divided by (-450)/(-20) - (-2)/(-4).
18
Let r = 14 + 18. What is the remainder when r is divided by 7?
4
Suppose -3 = 4*b + 3*m, -2*m + 5 = -2*b - 7*m. Suppose f + 4*f - 15 = b. What is the remainder when 7 is divided by f?
1
Let i(p) be the third derivative of 0*p + 2*p**2 + 0 - 5/12*p**4 - 1/6*p**3. Calculate the remainder when 17 is divided by i(-1).
8
Let z = -14 - -26. Let h = -1 - 5. Let y = h + 13. What is the remainder when z is divided by y?
5
Let g(a) = a. Let k(p) = -3*p - 4. Let h(j) = -2*g(j) - k(j). Calculate the remainder when 5 is divided by h(-2).
1
Let r be (2/(-5))/1*-235. Suppose 4*s - 90 = -5*m, -3*s + 3*m + r = 2*s. Calculate the remainder when s is divided by 7.
6
Suppose m - 19 = 5. Suppose 45 = 2*x - 3*u, -x + m + 1 = -4*u. Calculate the remainder when 62 is divided by x.
20
Let t(c) = 4*c**2 - 13*c + 7. Let m(i) = -10*i**3 - i. What is the remainder when t(5) is divided by m(-1)?
9
Let w(j) = j**2 - 5 - 3*j**2 + 10*j + 3*j**2 - 2*j**2. Suppose 32 - 4 = 4*s. Calculate the remainder when s is divided by w(9).
3
Let q(n) = 4*n - 3. Let t be q(4). Suppose -t = -w + 20. Calculate the remainder when w is divided by 9.
6
Suppose 10 = k - 2*l - l, -5*k + 3*l = -74. Let m = -8 + k. Let y(o) = -6*o - 1. Calculate the remainder when y(-4) is divided by m.
7
Let c = -22 - -36. Calculate the remainder when 37 is divided by c.
9
Suppose -x - 2*x = 9. Let q be 0 - (-1 - -2) - x. Let u = 25 - q. What is the remainder when u is divided by 12?
11
Suppose -3*h - m = -209, -h = 4*m - 66 + 11. Suppose 2*j - 120 = -3*j. Calculate the remainder when h is divided by 0 + (-5)/((-5)/j).
23
Calculate the remainder when 39 is divided by -2*(-3 + (-3)/6).
4
Let h be 4/3 + 1/(-3). Let c = 35 + -58. What is the remainder when (3 + -4)*c/h is divided by 12?
11
What is the remainder when ((-2)/(-3))/(8/912) is divided by 11?
10
Let v = -17 + 23. What is the remainder when 15 is divided by v?
3
Let l be (5/10)/(2/(-8)). Let a = l - -12. What is the remainder when 27 is divided by a?
7
Let h(j) = j**2 - 3*j - 22. Let d = 41 + -20. What is the remainder when d is divided by h(7)?
3
Suppose 9*r = -6*r + 2760. Calculate the remainder when r is divided by 31.
29
Let j(h) = -h**2 + 3*h + 26. Let o be (-6)/1*4/6. Let b(u) = -u**2 - 7*u. Calculate the remainder when j(4) is divided by b(o).
10
Let z(b) = b**2 + 2. Suppose 7 = -2*w + 1. Calculate the remainder when 3/(6/4) - -30 is divided by z(w).
10
Suppose -4*f = -4*d - 228, -84 = -2*f - 2*d - 2*d. Let a = -18 + 22. What is the remainder when f is divided by 16 - (0 - a)/2?
16
Suppose -39*b = -44*b + 570. Calculate the remainder when b is divided by 39.
36
Suppose -3*i - 4 = -b, i = 10 - 6. What is the remainder when b is divided by 10?
6
Suppose -264 = -6*y + 2*y - 4*q, 2*q + 144 = 2*y. Suppose o = -5*z + y, 0*o - 5*o = 4*z - 51. Suppose 45 = x + 4. What is the remainder when x is divided by z?
13
Let m(j) = j**3 + 11*j**2 + j + 15. What is the remainder when 7 is divided by m(-11)?
3
Suppose -94 = -2*p - 2*h, -3*p + 3*h = -2*h - 109. Calculate the remainder when 84 is divided by p.
41
Let v(k) = -3*k**3 + k**2 - k + 2. Let s be v(2). Let z = 33 + s. What is the remainder when z is divided by 5?
3
Suppose 23 = 4*f + 5*u, 4*f = -u - 0 + 43. What is the remainder when 45 is divided by f?
9
Let h be (31/(-2))/(3/(-6)). Suppose 7 = -3*f + h. Let q(y) = y**3 + 4*y**2 - 7*y - 5. What is the remainder when q(-4) is divided by f?
7
Let v(y) = -y + 2*y + 19*y**3 + 0*y. Let r be v(1). Let i = r + -9. What is the remainder when 32 is divided by i?
10
Suppose -w = 2*x - 0 - 2, -w + x = -2. Suppose -4*o + 68 = 4*t, w*t - 9 = -1. What is the remainder when 38 is divided by o?
12
Suppose r + 6 = 27. Suppose -3*p + 6 = -66. Suppose 2 - p = -2*o. What is the remainder when r is divided by o?
10
Let d = -33 + 47. Calculate the remainder when (d - 1)/(7/14) is divided by 14.
12
Suppose -2*w - w - 18 = -3*i, -16 = -4*w - 4*i. What is the remainder when (w + 0)/((-2)/44) is divided by 12?
10
What is the remainder when 61 is divided by ((-1)/(-3))/(1*(-8)/(-408))?
10
Let y = 76 - 45. Let l = 27 - 10. What is the remainder when y is divided by l?
14
Calculate the remainder when 15 is divided by 2/4*(-2 - -20).
6
Suppose 7*w - 6*w - 141 = -j, -4*j = w - 564. Calculate the remainder when j is divided by 9.
6
Suppose 2*a - 4 + 2 = i, -a - 6 = -4*i. Suppose -26 = -i*s - 2. What is the remainder when 45 is divided by s?
9
Let k = 0 - 1. Let m be (9/9)/(k/17). Let x = m - -24. What is the remainder when 19 is divided by x?
5
What is the remainder when (-15 - -18)/(6/350 + 0) is divided by 45?
40
Suppose 186 = 9*m - 3*m. Calculate the remainder when 89 is divided by m.
27
Suppose -3*n = 2*p + 38 - 7, 90 = -5*p - 5*n. Let m = p + 46. What is the remainder when m is divided by 6?
5
Let c(z) = z + 10. Let h be c(-8). Suppose -h - 10 = -2*j. Calculate the remainder when 17 is divided by j.
5
Let d(c) = c**3 - 5*c**2 - 11*c - 4. Calculate the remainder when d(7) is divided by 10.
7
Suppose -4*i - 13 = -5*i. Calculate the remainder when 50 is divided by i.
11
Suppose 5*f - 18 - 7 = 0. Suppose 2*j + 3*x = j - 4, f*x + 35 = 4*j. Calculate the remainder when j is divided by 2.
1
Let y(x) = 4*x**2 + 2*x + 10. What is the remainder when y(4) is divided by 14?
12
Suppose 0*a = -3*a + 42. Let z = -5 + 74. Let d = z + -29. What is the remainder when d is divided by a?
12
Suppose 3*w + 0*q + 4*q = -19, 3*w + q = -7. Let z(c) = -c - 2. Let r be z(6). Wh